{"id":82,"date":"2020-01-25T12:09:42","date_gmt":"2020-01-25T11:09:42","guid":{"rendered":"https:\/\/serwer1950225.home.pl\/?page_id=82"},"modified":"2020-02-06T22:43:49","modified_gmt":"2020-02-06T21:43:49","slug":"pl","status":"publish","type":"page","link":"https:\/\/juliagogol.pl\/index.php\/pl\/","title":{"rendered":"Front Page"},"content":{"rendered":"<div  id=\"overlappable-4\" class=\"overlappable-4 content-section content-section-spacing\" style=\"background-color: #ffffff;\" data-label=\"Overlappable\" data-id=\"overlappable-4\" data-export-id=\"overlappable-4\" data-category=\"overlappable\" data-overlap=\"true\">\n<div  class=\"gridContainer\">\n<div  class=\"row spaced-cols text-center center-sm\" data-type=\"row\">\n<div  class=\"col-xs-12 col-sm-4 col-padding col-md-6 \"><i  class=\"fa icon shadow-large-black aligncenter color1 fa-file-word-o reverse round large\"><\/i>\n<div  class=\"\" data-type=\"column\">\n<h5  class=\"\">T\u0141UMACZENIE PISEMNE<\/h5>\n<div  class=\"\" dir=\"ltr\" data-setdir=\"false\">t\u0142umaczenie pisemne r\u00f3\u017cnego rodzaju dokument\u00f3w<\/div>\n<div  class=\"\" dir=\"ltr\" data-setdir=\"false\">(akty urodzenia, dyplomy, dokumenty s\u0105dowe)<\/div>\n<div  class=\"\"><\/div>\n<\/div>\n<\/div>\n<div  class=\"col-xs-12 col-sm-4 col-padding col-md-6 \"><i  class=\"fa icon shadow-large-black aligncenter color1 fa-comments-o reverse round large\"><\/i>\n<div  class=\"\" data-type=\"column\">\n<h5  class=\"\">T\u0141UMACZENIE USTNE<\/h5>\n<div  class=\"\" dir=\"ltr\" data-setdir=\"false\">T\u0142umaczenia ustne przysi\u0119g\u0142e (u notariusza, na \u015blubach, przy rejestracji dziecka)&nbsp;konsykutywne i symultaniczne<\/div>\n<\/div>\n<\/div>\n<div  class=\"col-xs-12 col-sm-4 col-padding col-md-6 \"><i  class=\"fa icon shadow-large-black aligncenter color1 fa-check reverse round large\"><\/i>\n<div  class=\"\" data-type=\"column\">\n<h5  class=\"\">PO\u015aWIADCZENIE T\u0141UMACZENIA<\/h5>\n<p  class=\"\">mo\u017cliwe jest po\u015bwiadczenie ju\u017c wykonanego t\u0142umaczenia<\/p>\n\n<\/div>\n<\/div>\n<div  class=\"col-xs-12 col-sm-4 col-padding col-md-6 \"><i  class=\"fa icon shadow-large-black aligncenter color1 fa-archive reverse round large\"><\/i>\n<div  class=\"\" data-type=\"column\">\n<h5  class=\"\">ZAM\u00d3WIENIE US\u0141UG<\/h5>\n<p  class=\"\">Dostarczy\u0107 dokumenty mo\u017cna online, osobi\u015bcie albo poczt\u0105.<\/p>\n\n<\/div>\n<\/div>\n<div  class=\"col-xs-12 col-sm-4 col-padding col-md-6 \"><i  class=\"fa icon shadow-large-black aligncenter color1 fa-handshake-o reverse round large\"><\/i>\n<div  class=\"\" data-type=\"column\">\n<h5  class=\"\">WYKONANIE US\u0141UG<\/h5>\n<p  class=\"\">gwarantujemy sumienne i rzetelne t\u0142umaczenie w kr\u00f3tkim czasie.<\/p>\n\n<\/div>\n<\/div>\n<\/div>\n<\/div>\n<\/div><div  id=\"about-1\" class=\"about-10 content-section content-section-spacing\" style=\"background-color: #f5fafd;\" data-label=\"About\" data-id=\"about--1\" data-export-id=\"about-10\" data-category=\"about\">\n<div  class=\"gridContainer\">\n<div  class=\"row middle-sm text-center\">\n<div  class=\"col-sm-5 space-bottom-xs content-column content-left-sm\" data-type=\"column\">\n<h5  class=\"\">O MNIE<\/h5>\n<h2  class=\"\">Julia Gogol<\/h2>\n<p  class=\"\">Z wykszta\u0142cenia jestem historykiem i dyplomat\u0105, ale m\u00f3j los sprawi\u0142, i\u017c zajmuj\u0119 si\u0119 t\u0142umaczeniami. Jestem wpisana na list\u0119 t\u0142umaczy przysi\u0119g\u0142ych przy Ministerstwie Sprawiedliwo\u015bci RP pod numerem TP 11\/19.<\/p>\nProwadz\u0119 dzia\u0142alno\u015b\u0107 gospodarcz\u0105 w Warszawie, do ka\u017cdego zam\u00f3wienia wystawiam paragon b\u0105d\u017a faktur\u0119.\n\n\n\n<\/div>\n<div  class=\"col-sm-7 flexbox middle-xs center-xs space-bottom-xs\">\n<div  class=\"overlay-box middle-xs center-xs flexbox\">\n<div  class=\"overlay-box-offset offset-border shadow-medium border-color1 hide-xs\"><\/div>\n<a  href=\"#\" target=\"_self\" data-cp-link=\"1\" rel=\"noopener noreferrer\"><img decoding=\"async\"  class=\"shadow-large\" src=\"https:\/\/juliagogol.pl\/wp-content\/uploads\/2020\/01\/cropped-photo-Julia_resize_500px.jpg\" data-size=\"485x705\"><\/a>\n\n<\/div>\n<\/div>\n<\/div>\n<\/div>\n<\/div><div  id=\"team-2\" class=\"team-2 content-section content-section-spacing\" style=\"background-color: #ffffff;\" data-label=\"Team\" data-id=\"team-2\" data-export-id=\"team-2\" data-category=\"team\">\n<div  class=\"gridContainer\">\n<div  class=\"row text-center\">\n<div  class=\"section-title-col\" data-type=\"column\">\n<h2  class=\"\">Zesp\u00f3\u0142<\/h2>\n<p  class=\"lead\">Lorem Ipsum<\/p>\n\n<\/div>\n<\/div>\n<div  class=\"row spaced-cols content-center-sm center-sm\" data-type=\"row\">\n<div  class=\"col-sm-6 col-md-3\">\n<div  class=\"card y-move no-padding bordered\"><img decoding=\"async\"  class=\"face\" title=\"cropped-photo-Julia_resize-1-1.jpg\" src=\"https:\/\/juliagogol.pl\/wp-content\/uploads\/2020\/01\/cropped-photo-Julia_resize-1-1.jpg\" alt=\"\">\n<div  class=\"col-padding-small col-padding-small-xs description-container\" data-type=\"column\">\n<h4  class=\"font-500\">Julia Gogol<\/h4>\n<p  class=\"small\" style=\"font-style: italic;\">T\u0142umacz przysi\u0119g\u0142y<\/p>\nj\u0119zyka ukrai\u0144skiego\n<div  class=\"social-icons-group\" data-type=\"group\"><\/div>\n<\/div>\n<\/div>\n<\/div>\n<div  class=\"col-sm-6 col-md-3\">\n<div  class=\"card y-move no-padding bordered\"><img decoding=\"async\"  class=\"face\" title=\"cropped-1291593_10152859206306874_3620720931504522556_o-2.jpg\" src=\"https:\/\/juliagogol.pl\/wp-content\/uploads\/2019\/12\/cropped-1291593_10152859206306874_3620720931504522556_o-2.jpg\" alt=\"\">\n<div  class=\"col-padding-small col-padding-small-xs description-container\" data-type=\"column\">\n<h4  class=\"font-500\">Rafa\u0142 Dawid Fleszar<\/h4>\n<p  class=\"small\" style=\"font-style: italic;\">T\u0142umacz przysi\u0119g\u0142y\nj\u0119zyka w\u0142oskiego<\/p>\n\n<div  class=\"social-icons-group\" data-type=\"group\"><\/div>\n<\/div>\n<\/div>\n<\/div>\n<\/div>\n<\/div>\n<\/div><div  id=\"contact-1\" class=\"contact-1 content-section content-section-spacing white-text\" style=\"background-image: url('https:\/\/juliagogol.pl\/wp-content\/uploads\/2020\/01\/contact_web.jpg'); background-size: cover; background-position: center top;\" data-label=\"Contact\" data-id=\"contact-1\" data-export-id=\"contact-1\" data-category=\"contact\" data-parallax-depth=\"20\">\n<div  class=\"\">\n<div  class=\"row text-center\">\n<div  class=\"section-title-col\" data-type=\"column\">\n<h2  class=\"\">Pode\u015blij tekst do sprawdzenia<\/h2>\n<p  class=\"lead\">With the Internet spreading linke wildfire and reaching every part of our daily life, more and more traffic is directed to websites in search for information.<\/p>\n\n<\/div>\n<\/div>\n<div  class=\"row text-center\">\n<div  class=\"col-xs-12 col-sm-8 col-sm-offset-2 contact-form-wrapper\">\n<div  class=\"card large-padding\">\n<div  class=\"\" data-content-shortcode=\"mesmerize_contact_form shortcode=&quot;contact-form-7 id=&amp;amp;quot;164&amp;amp;quot; title=&amp;amp;quot;Formularz PL&amp;amp;quot;&quot;\" data-editable=\"true\">\n<div class=\"wpcf7 no-js\" id=\"wpcf7-f164-o1\" lang=\"pl-PL\" dir=\"ltr\">\n<div class=\"screen-reader-response\"><p role=\"status\" aria-live=\"polite\" aria-atomic=\"true\"><\/p> <ul><\/ul><\/div>\n<form action=\"\/index.php\/wp-json\/wp\/v2\/pages\/82#wpcf7-f164-o1\" method=\"post\" class=\"wpcf7-form init\" aria-label=\"Formularz kontaktowy\" enctype=\"multipart\/form-data\" novalidate=\"novalidate\" data-status=\"init\">\n<div style=\"display: none;\">\n<input type=\"hidden\" name=\"_wpcf7\" value=\"164\" \/>\n<input type=\"hidden\" name=\"_wpcf7_version\" value=\"5.9.8\" \/>\n<input type=\"hidden\" name=\"_wpcf7_locale\" value=\"pl_PL\" \/>\n<input type=\"hidden\" name=\"_wpcf7_unit_tag\" value=\"wpcf7-f164-o1\" \/>\n<input type=\"hidden\" name=\"_wpcf7_container_post\" value=\"0\" \/>\n<input type=\"hidden\" name=\"_wpcf7_posted_data_hash\" value=\"\" \/>\n<input type=\"hidden\" name=\"_wpcf7_recaptcha_response\" value=\"\" \/>\n<\/div>\n<p><label> Imi\u0119 Nazwisko (wymagane)<br \/>\n<span class=\"wpcf7-form-control-wrap\" data-name=\"your-name\"><input size=\"40\" maxlength=\"400\" class=\"wpcf7-form-control wpcf7-text wpcf7-validates-as-required\" aria-required=\"true\" aria-invalid=\"false\" value=\"\" type=\"text\" name=\"your-name\" \/><\/span> <\/label>\n<\/p>\n<p><label> Poczta elektroniczna (wymagane)<br \/>\n<span class=\"wpcf7-form-control-wrap\" data-name=\"your-email\"><input size=\"40\" maxlength=\"400\" class=\"wpcf7-form-control wpcf7-email wpcf7-validates-as-required wpcf7-text wpcf7-validates-as-email\" aria-required=\"true\" aria-invalid=\"false\" value=\"\" type=\"email\" name=\"your-email\" \/><\/span> <\/label>\n<\/p>\n<p><label> Tytu\u0142 maila<br \/>\n<span class=\"wpcf7-form-control-wrap\" data-name=\"your-subject\"><input size=\"40\" maxlength=\"400\" class=\"wpcf7-form-control wpcf7-text wpcf7-validates-as-required\" aria-required=\"true\" aria-invalid=\"false\" value=\"\" type=\"text\" name=\"your-subject\" \/><\/span> <\/label>\n<\/p>\n<p><label> Tre\u015b\u0107 wiadomo\u015bci<br \/>\n<span class=\"wpcf7-form-control-wrap\" data-name=\"your-message\"><textarea cols=\"40\" rows=\"10\" maxlength=\"2000\" class=\"wpcf7-form-control wpcf7-textarea\" aria-invalid=\"false\" name=\"your-message\"><\/textarea><\/span> <\/label>\n<\/p>\n<p><label> Wybie\u017c plik do t\u0142umaczenia<br \/>\n<span class=\"wpcf7-form-control-wrap\" data-name=\"Wylijzalcznik\"><input size=\"40\" class=\"wpcf7-form-control wpcf7-file\" accept=\"audio\/*,video\/*,image\/*\" aria-invalid=\"false\" type=\"file\" name=\"Wylijzalcznik\" \/><\/span><br \/>\n<span class=\"wpcf7-form-control-wrap\" data-name=\"acceptance-471\"><span class=\"wpcf7-form-control wpcf7-acceptance optional\"><span class=\"wpcf7-list-item\"><label><input type=\"checkbox\" name=\"acceptance-471\" value=\"1\" aria-invalid=\"false\" \/><span class=\"wpcf7-list-item-label\">Pozwa\u0142am na przetwarzanie moich danych osobowych<\/span><\/label><\/span><\/span><\/span><br \/>\n<input class=\"wpcf7-form-control wpcf7-submit has-spinner\" type=\"submit\" value=\"Wy\u015blij\" \/><\/label>\n<\/p><p style=\"display: none !important;\" class=\"akismet-fields-container\" data-prefix=\"_wpcf7_ak_\"><label>&#916;<textarea name=\"_wpcf7_ak_hp_textarea\" cols=\"45\" rows=\"8\" maxlength=\"100\"><\/textarea><\/label><input type=\"hidden\" id=\"ak_js_1\" name=\"_wpcf7_ak_js\" value=\"94\"\/><script>document.getElementById( \"ak_js_1\" ).setAttribute( \"value\", ( new Date() ).getTime() );<\/script><\/p><div class=\"wpcf7-response-output\" aria-hidden=\"true\"><\/div>\n<\/form>\n<\/div>\n<\/div>\n<\/div>\n<\/div>\n<\/div>\n<\/div>\n<\/div>","protected":false},"excerpt":{"rendered":"<p>T\u0141UMACZENIE PISEMNE t\u0142umaczenie pisemne r\u00f3\u017cnego rodzaju dokument\u00f3w (akty urodzenia, dyplomy, dokumenty s\u0105dowe) T\u0141UMACZENIE USTNE T\u0142umaczenia ustne przysi\u0119g\u0142e (u notariusza, na \u015blubach, przy rejestracji dziecka)&nbsp;konsykutywne i symultaniczne PO\u015aWIADCZENIE T\u0141UMACZENIA mo\u017cliwe jest po\u015bwiadczenie ju\u017c wykonanego t\u0142umaczenia ZAM\u00d3WIENIE US\u0141UG Dostarczy\u0107 dokumenty mo\u017cna online, osobi\u015bcie albo poczt\u0105. WYKONANIE US\u0141UG gwarantujemy sumienne i rzetelne t\u0142umaczenie w kr\u00f3tkim czasie. O MNIE&hellip; <br \/> <a class=\"read-more\" href=\"https:\/\/juliagogol.pl\/index.php\/pl\/\">Read more<\/a><\/p>\n","protected":false},"author":1,"featured_media":0,"parent":0,"menu_order":0,"comment_status":"closed","ping_status":"closed","template":"page-templates\/homepage.php","meta":{"footnotes":""},"class_list":["post-82","page","type-page","status-publish","hentry"],"_links":{"self":[{"href":"https:\/\/juliagogol.pl\/index.php\/wp-json\/wp\/v2\/pages\/82"}],"collection":[{"href":"https:\/\/juliagogol.pl\/index.php\/wp-json\/wp\/v2\/pages"}],"about":[{"href":"https:\/\/juliagogol.pl\/index.php\/wp-json\/wp\/v2\/types\/page"}],"author":[{"embeddable":true,"href":"https:\/\/juliagogol.pl\/index.php\/wp-json\/wp\/v2\/users\/1"}],"replies":[{"embeddable":true,"href":"https:\/\/juliagogol.pl\/index.php\/wp-json\/wp\/v2\/comments?post=82"}],"version-history":[{"count":10,"href":"https:\/\/juliagogol.pl\/index.php\/wp-json\/wp\/v2\/pages\/82\/revisions"}],"predecessor-version":[{"id":192,"href":"https:\/\/juliagogol.pl\/index.php\/wp-json\/wp\/v2\/pages\/82\/revisions\/192"}],"wp:attachment":[{"href":"https:\/\/juliagogol.pl\/index.php\/wp-json\/wp\/v2\/media?parent=82"}],"curies":[{"name":"wp","href":"https:\/\/api.w.org\/{rel}","templated":true}]}}